Calculate the remainder when 22676 is divided by 21.
17
What is the remainder when 373712735 is divided by 96?
95
What is the remainder when 260201 is divided by 16261?
25
Calculate the remainder when 32452 is divided by 10369.
1345
Calculate the remainder when 190416696 is divided by 355255.
16
What is the remainder when 106990330 is divided by 217460?
10
Calculate the remainder when 453533 is divided by 17436.
197
What is the remainder when 190858 is divided by 47478?
946
Calculate the remainder when 55412397 is divided by 4542.
4539
Calculate the remainder when 11871726 is divided by 29.
25
Calculate the remainder when 5030795 is divided by 3170.
5
What is the remainder when 3052 is divided by 943?
223
What is the remainder when 28487 is divided by 1125?
362
What is the remainder when 3893886 is divided by 10?
6
What is the remainder when 18553643 is divided by 10245?
10193
What is the remainder when 7771425 is divided by 2926?
2895
What is the remainder when 370374 is divided by 16078?
580
Calculate the remainder when 55008495 is divided by 76.
75
Calculate the remainder when 776776 is divided by 3499.
3497
What is the remainder when 104767 is divided by 26191?
3
Calculate the remainder when 25889182 is divided by 14.
4
What is the remainder when 12296495 is divided by 457?
453
What is the remainder when 492734 is divided by 39?
8
Calculate the remainder when 939726 is divided by 1282.
20
Calculate the remainder when 75783 is divided by 12.
3
What is the remainder when 21328986 is divided by 636?
90
What is the remainder when 7447211 is divided by 368?
363
What is the remainder when 39383749 is divided by 1286?
1285
Calculate the remainder when 3280890 is divided by 2024.
2010
Calculate the remainder when 1877659 is divided by 144435.
4
What is the remainder when 35972 is divided by 35605?
367
What is the remainder when 169274 is divided by 4?
2
What is the remainder when 232846 is divided by 721?
684
What is the remainder when 27320639 is divided by 573?
572
What is the remainder when 21339828 is divided by 59113?
35
Calculate the remainder when 102317 is divided by 2088.
5
Calculate the remainder when 1458622 is divided by 2.
0
What is the remainder when 10770671 is divided by 1046?
9
Calculate the remainder when 11173664 is divided by 15.
14
Calculate the remainder when 8881212 is divided by 300.
12
What is the remainder when 3702269 is divided by 2950?
19
What is the remainder when 238868 is divided by 149?
21
Calculate the remainder when 4071241 is divided by 116.
105
Calculate the remainder when 9774022 is divided by 67407.
7
What is the remainder when 1362845 is divided by 790?
95
Calculate the remainder when 823601 is divided by 6079.
2936
Calculate the remainder when 55861 is divided by 214.
7
Calculate the remainder when 18306917 is divided by 126.
125
Calculate the remainder when 19383 is divided by 1924.
143
What is the remainder when 13537 is divided by 524?
437
Calculate the remainder when 29730198 is divided by 113474.
10
Calculate the remainder when 304776888 is divided by 1510.
1508
Calculate the remainder when 24317 is divided by 22880.
1437
What is the remainder when 19430 is divided by 19094?
336
What is the remainder when 6413897 is divided by 283?
268
What is the remainder when 1351812 is divided by 6070?
4272
What is the remainder when 3707133 is divided by 142576?
157
What is the remainder when 2530259 is divided by 277?
141
Calculate the remainder when 2913676 is divided by 27.
25
What is the remainder when 17812259 is divided by 30?
29
What is the remainder when 9992926 is divided by 1604?
6
Calculate the remainder when 421601 is divided by 73.
26
Calculate the remainder when 18156604 is divided by 12202.
28
Calculate the remainder when 49183 is divided by 3797.
3619
Calculate the remainder when 255909 is divided by 612.
93
Calculate the remainder when 1290765 is divided by 357.
210
What is the remainder when 83069 is divided by 41532?
5
What is the remainder when 2133651 is divided by 3147?
3132
What is the remainder when 587072029 is divided by 529?
525
Calculate the remainder when 461695 is divided by 51025.
2470
Calculate the remainder when 190192019 is divided by 60.
59
What is the remainder when 668228 is divided by 147?
113
What is the remainder when 195886 is divided by 263?
214
Calculate the remainder when 33888174 is divided by 15.
9
Calculate the remainder when 411166 is divided by 62.
44
What is the remainder when 146425 is divided by 24033?
2227
Calculate the remainder when 18238804 is divided by 1658072.
12
Calculate the remainder when 539709 is divided by 539497.
212
Calculate the remainder when 3908147 is divided by 244259.
3
What is the remainder when 242847 is divided by 966?
381
Calculate the remainder when 2570294 is divided by 1285123.
48
What is the remainder when 301217 is divided by 359?
16
What is the remainder when 1161300 is divided by 89330?
10
Calculate the remainder when 25321 is divided by 1201.
100
What is the remainder when 1557432 is divided by 2654?
2188
Calculate the remainder when 882478 is divided by 69.
37
What is the remainder when 29784283 is divided by 1558?
1555
Calculate the remainder when 6158179 is divided by 1856.
1827
Calculate the remainder when 328780163 is divided by 277.
276
What is the remainder when 3274117 is divided by 654819?
22
Calculate the remainder when 100851 is divided by 857.
582
What is the remainder when 4035941 is divided by 257?
13
What is the remainder when 2223901 is divided by 204?
97
Calculate the remainder when 218903 is divided by 54685.
163
Calculate the remainder when 1171039 is divided by 827.
7
Calculate the remainder when 5480828 is divided by 141.
17
What is the remainder when 399222834 is divided by 541?
540
What is the remainder when 4979701 is divided by 300?
1
Calculate the remainder when 397981 is divided by 33045.
1441
Calculate the remainder when 32876440 is divided by 4955.
15
Calculate the remainder when 678399 is divided by 593.
7
Calculate the remainder when 29317 is divided by 2201.
704
Calculate the remainder when 1220543 is divided by 1441.
16
Calculate the remainder when 1153809 is divided by 516.
33
Calculate the remainder when 203242 is divided by 25347.
466
Calculate the remainder when 924429 is divided by 325.
129
What is the remainder when 67291970 is divided by 412?
10
Calculate the remainder when 211488 is divided by 3467.
1
What is the remainder when 7163 is divided by 922?
709
Calculate the remainder when 5728405 is divided by 572813.
275
Calculate the remainder when 403322 is divided by 201611.
100
What is the remainder when 81692240 is divided by 33453?
14
Calculate the remainder when 967207 is divided by 967055.
152
What is the remainder when 1381364 is divided by 460030?
1274
Calculate the remainder when 19738437 is divided by 157.
83
Calculate the remainder when 1163877 is divided by 1141.
57
What is the remainder when 115229 is divided by 3311?
2655
Calculate the remainder when 5475375 is divided by 40.
15
Calculate the remainder when 7328 is divided by 4916.
2412
Calculate the remainder when 535206 is divided by 9693.
2091
Calculate the remainder when 2221944 is divided by 2221944.
0
What is the remainder when 3843085 is divided by 1340?
1305
Calculate the remainder when 17964022 is divided by 338.
336
What is the remainder when 4121361 is divided by 1373725?
186
What is the remainder when 562832 is divided by 1119?
1094
Calculate the remainder when 30937 is divided by 91.
88
Calculate the remainder when 5925444 is divided by 283.
273
What is the remainder when 18892913 is divided by 215?
3
Calculate the remainder when 3418196 is divided by 341812.
76
Calculate the remainder when 11492771 is divided by 175.
171
Calculate the remainder when 1712932 is divided by 434.
368
What is the remainder when 4902889 is divided by 1225721?
5
What is the remainder when 13504439 is divided by 17247?
38
What is the remainder when 612164 is divided by 61207?
94
What is the remainder when 53953642 is divided by 2454?
2452
Calculate the remainder when 340831697 is divided by 29.
4
Calculate the remainder when 1732206 is divided by 1664.
1646
Calculate the remainder when 19212 is divided by 51.
36
What is the remainder 